2 + (0 - 10) - (1/(-1) + 0).
13, 17, 73
Let b be (-72)/(-54) + 6/9. Suppose -1936 = -4*w + b*f, 5*w - 8*f + 3*f = 2425. What are the prime factors of w?
3, 7, 23
Let o = -20 + 25. Suppose o*m - 5*x = 1015, -3*m - 2*m = -4*x - 1011. Suppose -c + m = 4*j + 2*c, 5*c = 4*j - 223. List the prime factors of j.
2, 13
Let r be 1 - -1*(-5589)/(-3). Let o = -1099 + r. What are the prime factors of o?
3, 5, 17
Let n be (-314)/(-4) + 28/8 + -3. Suppose -34 = -f + n. Let w = f - 66. What are the prime factors of w?
47
Let b = -428 + 314. What are the prime factors of ((-76)/b)/(2/(-6)) + 885?
883
Suppose -91*p + 86*p + 3*k = -42590, 4*p + 4*k = 34104. List the prime factors of p.
8521
Suppose 4*w = 22*w + 144. List the prime factors of w/(-6)*(-136)/32*-93.
17, 31
Let i(m) = 3*m**2 - 7*m - 4. Let c be (74/5)/((-1)/5). Let l be c/(-12) + 5/(-30). What are the prime factors of i(l)?
2, 31
Let k(t) = 1094*t + 58. What are the prime factors of k(7)?
2, 3, 643
Let c(p) = 7*p**2 + 5*p + 2. Let a(d) = -d + 17. Let i be a(7). Let r be (-25)/50 + 3/((-12)/i). What are the prime factors of c(r)?
2, 5
Let f(h) = 17*h - 4. Let p(z) = -z - 9. Let a be p(-17). Suppose a*c = 3*c + 15. List the prime factors of f(c).
47
Let r(l) = l**3 - l**2 + l + 1. Let k(f) = -5*f**3 - 3*f**2 - 9*f - 26. Let q(p) = -k(p) - 6*r(p). Suppose -2*b = -0*b - 18. List the prime factors of q(b).
47
Suppose -2*q + 10948 = -2351 - 7981. What are the prime factors of q?
2, 5, 7, 19
Let f = 20 - 21. Let g be -1 - (0 + 3)*f. Suppose -5*j + w + 207 = -3*j, g*j - 217 = 3*w. What are the prime factors of j?
101
Let w(m) = 41*m + 23. Let z be w(7). Let l = z + -180. Suppose -480 = -7*f - l. List the prime factors of f.
2, 5
Let j = 58 - 55. Suppose -6 + 24 = -j*y. What are the prime factors of -2*y/30*1390/4?
139
Suppose d - 18538 = 3*w, -22*w + 18*w - 37082 = -2*d. What are the prime factors of d?
17, 1091
Let c = -85 - -80. Let m = c + 3. List the prime factors of (0 - m)*22*(-95)/(-20).
11, 19
Suppose 8*a + 101425 = -175335. List the prime factors of 8 - a/33 - 2/6.
2, 3, 11
Suppose 2 = -i + 3*j - 0, -i = 5*j - 22. Let t(p) = -70*p**2 + 1 + 3 + 2 + 72*p**2 + 2 + 8*p. What are the prime factors of t(i)?
2, 3
Suppose 2*y = -7 - 3, 5*y = 2*t - 29. Let c(o) = 2*o**3 - 18*o**2 + 2*o - 5. Let b be c(9). Suppose -a - b = -t*h - 0*a, 15 = 3*a. List the prime factors of h.
3
Let h(z) = 3*z + 33. Let y be h(-7). Let c(n) = -n**3 + 10*n**2 + 27*n - 28. Let p be c(y). Suppose -83 = -p*u + 413. List the prime factors of u.
2, 31
Let i = 166 + -394. Suppose 219*v - 209*v + 1280 = 0. Let k = v - i. List the prime factors of k.
2, 5
Let s(v) = -89*v - 118. Let r be s(-7). Suppose h + 2*u - 278 - 232 = 0, -h + r = u. What are the prime factors of h?
2, 5
Suppose 5*f = 6*f - 180. Suppose 7*o - f = 5*o. Suppose -o = -5*d - 5. List the prime factors of d.
17
List the prime factors of (1 + 3452/(-5))/(78/(-390)).
3, 383
Let p(x) = -x**3 + 12*x**2 - 8. Suppose -2*o - 2*k = k - 12, 5*o - 44 = -4*k. Let q be p(o). List the prime factors of ((-4)/16*43)/(2/q).
43
Let w(t) = 4*t + 2 + 14*t**3 - 4 + 0 - 4*t + t + t**2. List the prime factors of w(5).
2, 7, 127
Let m(a) = -18*a**3 + a**2. Let z be m(-1). Suppose 3*n = c - z + 7, 5*n - 22 = -3*c. Suppose -535 = -c*r + 1580. List the prime factors of r.
5, 47
Suppose -4*i + 498 = -2*i. Let u = 619 - i. List the prime factors of u.
2, 5, 37
Suppose -2*b + 15491 = 3*k, -5*k = -9*b + 12*b - 23235. What are the prime factors of b?
2, 5, 31
Suppose -386 = -5*g + 3*t + 2659, 3*t = -5*g + 3075. Suppose g = -110*s + 114*s. List the prime factors of s.
3, 17
Let p(y) = 14*y**2 + 30*y - 35. Let v be p(10). What are the prime factors of 4*(4 - v/(-18))?
2, 193
Suppose 26*d - 12 = 25*d. Suppose -921 = -d*t + 555. What are the prime factors of t?
3, 41
Let i(n) = -n**3 - 5*n**2 + 38*n + 4079. What are the prime factors of i(0)?
4079
Let t(n) = -2*n**3 - 20*n**2 - 15*n - 21. Let f be t(-9). Let l = f - -61. Suppose -4*o + b - 19 + 97 = 0, -o - 3*b + l = 0. What are the prime factors of o?
19
Let n(c) = 19*c - 13. Let x be n(1). Suppose 2452 = 4*g + 4*a, x - 18 = -3*a. List the prime factors of g.
3, 7, 29
Let v(c) be the first derivative of -c**2/2 + 12*c - 12. Let o be v(14). What are the prime factors of 0 + o/(-5) + 8232/70?
2, 59
List the prime factors of 18/24*4 - 59*-53.
2, 5, 313
Let m be (-5 - -4 - 4) + -348. Let d = m - -798. List the prime factors of d.
5, 89
Let l = 43000 + -33143. What are the prime factors of l?
9857
Let t(i) = 5*i**2 - 7*i + 33. Let b be t(8). Let a = b - -501. List the prime factors of a.
2, 3, 7, 19
Suppose b + 12 - 14 = 0. Suppose -3*y - 15 = 3*j, -j - b = -3*j + 4*y. List the prime factors of 42 + j + 1*(-6)/(-2).
2, 3, 7
Let j be 900 - (-5 + 0)*(-12)/(-15). Suppose -87*o = -79*o - j. What are the prime factors of o?
113
Suppose -3116542 = -106*z + 63*z - 243*z. List the prime factors of z.
17, 641
Suppose 5*l - 94337 + 22347 = 0. List the prime factors of l.
2, 23, 313
Let y(j) = -25*j + 103. Let l be y(7). Let o = l + 401. What are the prime factors of o?
7, 47
Let j = -28085 + 51022. List the prime factors of j.
22937
Suppose -5*o - 8 = 4*n, -2*o = 4*n + o. Suppose c - 25 = n. List the prime factors of c/(-5 + 9 - 2).
2, 7
Let p(h) = -h + 11. Let g be p(8). Let v = -15 + 190. Suppose -2*d + v = -5*q, -g*d - 2*d - 5*q + 420 = 0. List the prime factors of d.
5, 17
Suppose 22*x - 1160 = 468. Suppose -2*o + 2*i = -16, -2*o + o = 2*i + 4. Suppose -o*y = -x - 222. List the prime factors of y.
2, 37
What are the prime factors of 92102 + (-6 + 25)*-1?
92083
Suppose -4*c - c + 165 = 0. Suppose -4*f = 13 - c. Suppose 45 = f*x + 5*h, -5*x + h + 57 = -0*h. What are the prime factors of x?
11
Let f be (73/(-3))/((-7)/42). Let j be (-32)/(-6)*(f/8 + -1). Let k = -46 + j. List the prime factors of k.
2, 23
Let o(t) = 135*t**3 + 7*t**2 - 6*t + 3. Let n be o(2). Suppose 4*d - 20 = 0, 4*i + 3*d - n = -404. What are the prime factors of i?
2, 5, 17
Let r be -4 + ((-132)/(-28) - 5)*-14. Suppose -c + 5*m + 273 = 4*m, r = 5*c + 3*m - 1333. What are the prime factors of c?
269
Let u be (3 - 84/16)*1*-12. Let b be (-1341)/u - (-2)/(-6). Let c = b - -124. List the prime factors of c.
2, 37
Suppose -5*k + 4*m + 77914 = 0, 885*k + 2*m + 62336 = 889*k. What are the prime factors of k?
2, 7793
Let l(p) = 31357*p**3 + 3*p**2 - 22*p + 19. List the prime factors of l(1).
31357
Suppose -4*k - 4*j + 25224 = 0, 3*j + 6290 = 4*k - 3*k. List the prime factors of k.
2, 23, 137
Suppose -228*p + 5*v = -225*p - 8711, -3*p - 4*v = -8675. What are the prime factors of p?
2897
Let w(k) = 2*k - 9 + 2*k + 0*k. Let s(c) = -3*c - 24. Let x be s(-14). List the prime factors of w(x).
3, 7
Suppose -17*y + 13*y = -96. Suppose -20*l + y*l = 2012. Suppose -5*v + 3*h = 2*h - l, 3*h = v - 95. List the prime factors of v.
101
Let p(g) = -8*g**2 + 7*g - 4. Let j(q) = q**2 + 1. Let n(x) = -18*j(x) - 2*p(x). Let m be n(-6). Suppose 0 = -4*l + m*l + 100. List the prime factors of l.
2, 5
Let p(r) = -66*r - 26*r + 22 + 23. What are the prime factors of p(-4)?
7, 59
Let k(j) = -436*j - 3673. List the prime factors of k(-77).
29, 1031
Let y(u) = -10*u - 8. Let r be (3/(-2))/((6 - 1)/10). Let x = 0 + r. What are the prime factors of y(x)?
2, 11
Suppose -42*y + 40*y + 8 = 0. Let g be 1/y + (-5362)/(-56). Let h = g + 5. What are the prime factors of h?
101
Suppose 38*b - 86183 = -22115. Suppose 46*g - 40*g - b = 0. List the prime factors of g.
281
Let j(g) = -g**3 - g**2 + 10*g + 12*g - 21*g - 7 + 5*g**2. Let o be j(3). Suppose -o*z + 632 = -268. List the prime factors of z.
2, 3, 5
Let g = -10720 - -15571. Suppose -7*c - g = -16*c. What are the prime factors of c?
7, 11
Suppose -5*t - 442 = 3*s - 2424, 5*t - 1980 = -5*s. What are the prime factors of t?
397
Let t(k) = -k**3 + 34*k**2 - 46*k - 211. List the prime factors of t(17).
2, 5, 7
Suppose -117*f - 595665 = -180*f. List the prime factors of f.
5, 31, 61
Suppose 8*p - 135712 = 99384. What are the prime factors of p?
29387
Let l(x) = -x**3 + 8*x**2 - 5*x - 11. Let b be l(7). Suppose 2*d + 0*w - 18 = -b*w, -3*d + 17 = 2*w. Suppose 102 = d*m - 138. List the prime factors of m.
2, 5
Suppose -2*o = o. Suppose a + k - 1 = o, -3*a + 3*k + 22 = -5. Suppose -a*v = 10, 